highest common divisor of 2007 and 144.
9
What is the greatest common divisor of 150 and 36435?
15
Calculate the greatest common factor of 1792 and 2044.
28
What is the greatest common divisor of 15660 and 3944?
116
Calculate the greatest common divisor of 935 and 1925.
55
What is the highest common factor of 333 and 581751?
333
Calculate the greatest common divisor of 25866 and 90.
18
What is the greatest common factor of 156032 and 71921?
1219
Calculate the greatest common factor of 2 and 114698.
2
Calculate the greatest common divisor of 740 and 11692.
148
Calculate the greatest common factor of 1158475 and 2980.
745
What is the highest common divisor of 186 and 858?
6
What is the highest common divisor of 3904584 and 16?
8
Calculate the highest common divisor of 448 and 400.
16
Calculate the highest common factor of 3256 and 5368.
88
What is the highest common factor of 6218 and 8?
2
What is the highest common divisor of 234 and 154674?
234
Calculate the highest common divisor of 16324 and 29044.
212
What is the highest common factor of 1188918 and 179?
179
What is the highest common factor of 14 and 584318?
14
What is the greatest common divisor of 550 and 836?
22
What is the greatest common factor of 43142 and 242?
22
Calculate the greatest common divisor of 1495 and 959491.
299
What is the highest common divisor of 130 and 722?
2
What is the highest common divisor of 207232 and 224?
32
Calculate the greatest common factor of 100548 and 8.
4
What is the greatest common divisor of 6505 and 537313?
1301
Calculate the highest common divisor of 29840 and 1531165.
1865
Calculate the highest common divisor of 9933 and 958986.
903
Calculate the greatest common divisor of 43867 and 1.
1
What is the highest common factor of 94200 and 125?
25
Calculate the highest common divisor of 259 and 984163.
37
Calculate the highest common factor of 258 and 97782.
258
What is the highest common divisor of 8 and 17756?
4
Calculate the highest common divisor of 1257943 and 1115.
223
What is the highest common divisor of 471743 and 29?
29
Calculate the greatest common factor of 38 and 537814.
38
What is the highest common factor of 58533 and 4117?
179
What is the greatest common divisor of 1356 and 144?
12
What is the highest common divisor of 836 and 737?
11
Calculate the greatest common divisor of 18 and 273024.
18
Calculate the highest common factor of 5180 and 768860.
740
What is the highest common factor of 7050 and 15?
15
What is the highest common divisor of 11538 and 63?
9
What is the highest common divisor of 173308 and 1628?
148
Calculate the greatest common factor of 2 and 10774.
2
What is the highest common divisor of 18 and 3169107?
9
What is the greatest common factor of 20172 and 3690?
246
What is the greatest common factor of 37054 and 22156?
382
Calculate the greatest common divisor of 2465 and 476.
17
What is the highest common factor of 1065 and 30743?
71
Calculate the highest common factor of 48 and 173072.
16
Calculate the greatest common divisor of 6696 and 30318.
186
Calculate the greatest common factor of 3058 and 24332506.
3058
What is the greatest common factor of 100 and 287900?
100
What is the greatest common factor of 10908 and 135?
27
Calculate the greatest common factor of 45 and 57885.
15
Calculate the highest common factor of 186162 and 9384.
138
Calculate the greatest common factor of 21392 and 336.
112
What is the highest common factor of 117 and 20475?
117
What is the greatest common divisor of 2190 and 2160?
30
Calculate the highest common divisor of 4532 and 789598.
206
What is the highest common factor of 393840 and 360?
360
What is the highest common divisor of 2222 and 418?
22
What is the highest common divisor of 56 and 226880?
8
What is the greatest common divisor of 4676 and 700?
28
What is the greatest common factor of 7 and 1039?
1
What is the greatest common divisor of 5 and 67835?
5
Calculate the highest common divisor of 1525 and 25925.
1525
What is the highest common factor of 27832734 and 486?
486
Calculate the greatest common factor of 6586 and 1184.
74
What is the highest common factor of 56215 and 55?
5
What is the greatest common divisor of 4420363 and 89?
89
What is the greatest common divisor of 4 and 4928?
4
What is the highest common factor of 3078 and 167238?
1026
What is the greatest common factor of 41 and 624307?
41
Calculate the highest common divisor of 75947 and 4671.
173
What is the greatest common divisor of 199510 and 470?
10
Calculate the greatest common divisor of 102209 and 537.
179
What is the greatest common divisor of 31730 and 190?
190
Calculate the greatest common divisor of 4392 and 1629.
9
Calculate the greatest common divisor of 4209452 and 338.
338
Calculate the greatest common divisor of 27632 and 32.
16
Calculate the greatest common factor of 364544 and 356.
356
Calculate the highest common factor of 60826 and 68.
34
Calculate the highest common factor of 259 and 973.
7
What is the greatest common factor of 13253 and 232?
29
What is the greatest common divisor of 48370 and 2835?
35
Calculate the greatest common factor of 135 and 116019.
27
Calculate the highest common factor of 890 and 202208.
178
What is the greatest common factor of 193926 and 60?
6
Calculate the greatest common divisor of 196435 and 1445.
85
What is the greatest common factor of 100 and 332?
4
What is the greatest common factor of 1518452 and 13?
13
Calculate the highest common factor of 4240 and 2460896.
848
Calculate the highest common divisor of 41683 and 73.
73
What is the greatest common factor of 14564 and 32252?
44
Calculate the greatest common factor of 60 and 61470.
30
What is the greatest common factor of 343984 and 16?
16
What is the greatest common divisor of 43512 and 4218?
222
Calculate the highest common divisor of 28 and 375424.
28
Calculate the highest common divisor of 7316 and 341.
31
What is the greatest common factor of 178 and 121574?
178
What is the greatest common divisor of 1824 and 484728?
456
What is the greatest common factor of 45 and 1093995?
45
What is the highest common divisor of 2570810 and 220?
110
What is the highest common divisor of 702 and 6048?
54
What is the greatest common factor of 10296305 and 493?
493
Calculate the greatest common factor of 277 and 116063.
277
What is the greatest common factor of 4983 and 21?
3
Calculate the highest common divisor of 12001 and 33.
11
Calculate the highest common factor of 37288 and 2360.
472
What is the greatest common factor of 1551 and 26829?
33
What is the highest common factor of 79808 and 58?
58
Calculate the highest common divisor of 1343 and 33496.
79
Calculate the highest common factor of 1039 and 7510931.
1039
What is the greatest common factor of 1189024 and 292?
292
What is the highest common factor of 749 and 30816?
107
What is the highest common factor of 3278 and 57882?
22
Calculate the highest common divisor of 4158 and 7938.
378
Calculate the highest common divisor of 819937 and 1.
1
What is the greatest common divisor of 1180 and 21680?
20
Calculate the highest common factor of 8052 and 308.
44
What is the greatest common factor of 204941 and 93?
31
What is the highest common factor of 305575 and 119?
17
Calculate the highest common divisor of 98580 and 1488.
372
What is the highest common divisor of 480 and 12520?
40
Calculate the greatest common divisor of 7119176 and 236.
236
What is the greatest common factor of 60095 and 33936?
707
Calculate the greatest common factor of 2771196 and 12.
12
Calculate the greatest common factor of 66500 and 2470.
190
What is the highest common factor of 675 and 40860?
45
Calculate the greatest common divisor of 297 and 116457.
33
Calculate the greatest common divisor of 68769 and 283.
283
What is the highest common factor of 298110 and 570?
570
What is the greatest common divisor of 468158 and 1490?
298
Calculate the greatest common factor of 50 and 5015225.
25
Calculate the greatest common divisor of 305736 and 72.
24
What is the highest common factor of 27045 and 1125?
45
What is the highest common divisor of 1935 and 1215?
45
Calculate the highest common factor of 750497 and 22.
11
What is the greatest common divisor of 2161941 and 459?
51
Calculate the greatest common d